{"id":22956,"date":"2021-11-30T17:53:28","date_gmt":"2021-11-30T16:53:28","guid":{"rendered":"https:\/\/www.weartexhibitions.com\/?post_type=product&#038;p=22956"},"modified":"2024-02-27T10:45:11","modified_gmt":"2024-02-27T09:45:11","slug":"sin-titulo-5","status":"publish","type":"product","link":"https:\/\/www.weartexhibitions.com\/en\/producto\/sin-titulo-5\/","title":{"rendered":"Sin t\u00edtulo"},"content":{"rendered":"<p><a href=\"https:\/\/www.weartexhibitions.com\/portfolio_page\/javier-saez-castan\/\">Javier S\u00e1ez Cast\u00e1n<\/a><\/p>\n","protected":false},"excerpt":{"rendered":"<p><strong>Serie:\u00a0<\/strong>Dibujo para publicaci\u00f3n did\u00e1ctica en Arag\u00f3n.<\/p>\n<p><strong>T\u00e9cnica: <\/strong>dibujo original, tinta sobre papel<\/p>\n<p><strong>Medidas: <\/strong>29,5 x 20,5\u00a0cm<\/p>\n<p><strong>A\u00f1o:\u00a0<\/strong>2008<\/p>\n","protected":false},"featured_media":22902,"comment_status":"open","ping_status":"closed","template":"","meta":[],"product_cat":[258],"product_tag":[],"_links":{"self":[{"href":"https:\/\/www.weartexhibitions.com\/en\/wp-json\/wp\/v2\/product\/22956"}],"collection":[{"href":"https:\/\/www.weartexhibitions.com\/en\/wp-json\/wp\/v2\/product"}],"about":[{"href":"https:\/\/www.weartexhibitions.com\/en\/wp-json\/wp\/v2\/types\/product"}],"replies":[{"embeddable":true,"href":"https:\/\/www.weartexhibitions.com\/en\/wp-json\/wp\/v2\/comments?post=22956"}],"wp:featuredmedia":[{"embeddable":true,"href":"https:\/\/www.weartexhibitions.com\/en\/wp-json\/wp\/v2\/media\/22902"}],"wp:attachment":[{"href":"https:\/\/www.weartexhibitions.com\/en\/wp-json\/wp\/v2\/media?parent=22956"}],"wp:term":[{"taxonomy":"product_cat","embeddable":true,"href":"https:\/\/www.weartexhibitions.com\/en\/wp-json\/wp\/v2\/product_cat?post=22956"},{"taxonomy":"product_tag","embeddable":true,"href":"https:\/\/www.weartexhibitions.com\/en\/wp-json\/wp\/v2\/product_tag?post=22956"}],"curies":[{"name":"wp","href":"https:\/\/api.w.org\/{rel}","templated":true}]}}

Sin título

<p><a href="https://www.weartexhibitions.com/portfolio_page/javier-saez-castan/">Javier Sáez Castán</a></p>

<p><strong>Serie: </strong>Dibujo para publicación didáctica en Aragón.</p>
<p><strong>Técnica: </strong>dibujo original, tinta sobre papel</p>
<p><strong>Medidas: </strong>29,5 x 20,5 cm</p>
<p><strong>Año: </strong>2008</p>
